{"id":3195,"date":"2026-04-08T12:03:16","date_gmt":"2026-04-08T12:03:16","guid":{"rendered":"https:\/\/nadinebrase.de\/index.php\/ai-production\/"},"modified":"2026-04-08T13:31:03","modified_gmt":"2026-04-08T13:31:03","slug":"ai-production","status":"publish","type":"page","link":"https:\/\/nadinebrase.de\/index.php\/ai-production\/","title":{"rendered":"AI Production"},"content":{"rendered":"<h1>Mit KI Produktion \u00f6ffnen sich T\u00fcren, die vorher nicht existierten.<\/h1>\n<p>Neue Bildwelten und M\u00f6glichkeiten f\u00fcr dein Projekt \u2013 die ohne KI schlicht nicht denkbar w\u00e4ren. Ich bringe strategisches Markendenken und ein geschultes kreatives Auge mit \u2013 und kombiniere beides mit KI. Das Ergebnis: Konzepte und Inhalte, die nicht nur gut aussehen, sondern funktionieren.<\/p>\n<p>Ich \u00fcbernehme komplette Projekte. Oder ich unterst\u00fctze dein Team dort, wo es hakt.<\/p>\n<hr \/>\n<p><img decoding=\"async\" loading=\"lazy\" class=\"wp-image-3222 alignleft\" src=\"http:\/\/nadinebrase.de\/wp-content\/uploads\/2026\/04\/easter2026_4-242x300.png\" alt=\"\" width=\"424\" height=\"526\" srcset=\"https:\/\/nadinebrase.de\/wp-content\/uploads\/2026\/04\/easter2026_4-242x300.png 242w, https:\/\/nadinebrase.de\/wp-content\/uploads\/2026\/04\/easter2026_4-825x1024.png 825w, https:\/\/nadinebrase.de\/wp-content\/uploads\/2026\/04\/easter2026_4-768x953.png 768w, https:\/\/nadinebrase.de\/wp-content\/uploads\/2026\/04\/easter2026_4-1237x1536.png 1237w, https:\/\/nadinebrase.de\/wp-content\/uploads\/2026\/04\/easter2026_4-1650x2048.png 1650w, https:\/\/nadinebrase.de\/wp-content\/uploads\/2026\/04\/easter2026_4-2048x2542.png 2048w, https:\/\/nadinebrase.de\/wp-content\/uploads\/2026\/04\/easter2026_4-1200x1490.png 1200w, https:\/\/nadinebrase.de\/wp-content\/uploads\/2026\/04\/easter2026_4-700x869.png 700w, https:\/\/nadinebrase.de\/wp-content\/uploads\/2026\/04\/easter2026_4-385x478.png 385w\" sizes=\"(max-width: 424px) 100vw, 424px\" \/><\/p>\n<h2>AI Visual &amp; Video Creation<\/h2>\n<p>Bis noch vor kurzem haben Kampagnen irre Ressourcen verschlungen \u2013 internationale Sets, riesige Crews, monatelange Produktionen. Das Ergebnis war oft beeindruckend.<\/p>\n<p>Aber wenn man mehr dar\u00fcber spricht, welche Idee ins Budget passt \u2013 als welche Idee richtig f\u00fcr das Ziel der Marke ist, dann stimmt etwas nicht.<\/p>\n<p>Das hat sich ge\u00e4ndert. Ich produziere mit KI, was vorher Budget, Zeit oder Technik verhindert haben. So dass es deine Marke voran bringt und zu ihr passt.<\/p>\n<ul>\n<li>AI-generierte Produktbilder, Kampagnen-Visuals &amp; brand-konsistente Bildwelten<\/li>\n<li>AI-Videos (Social, Animatics &amp; Produktfilme,&#8230;)<\/li>\n<li>Hybride Produktionen<\/li>\n<\/ul>\n<hr \/>\n<h2><img decoding=\"async\" loading=\"lazy\" class=\"wp-image-2902 alignright\" src=\"http:\/\/nadinebrase.de\/wp-content\/uploads\/2026\/02\/bildschirmfoto-2026-02-24-um-15.51.55-300x211.png\" alt=\"\" width=\"350\" height=\"246\" srcset=\"https:\/\/nadinebrase.de\/wp-content\/uploads\/2026\/02\/bildschirmfoto-2026-02-24-um-15.51.55-300x211.png 300w, https:\/\/nadinebrase.de\/wp-content\/uploads\/2026\/02\/bildschirmfoto-2026-02-24-um-15.51.55-1024x721.png 1024w, https:\/\/nadinebrase.de\/wp-content\/uploads\/2026\/02\/bildschirmfoto-2026-02-24-um-15.51.55-768x541.png 768w, https:\/\/nadinebrase.de\/wp-content\/uploads\/2026\/02\/bildschirmfoto-2026-02-24-um-15.51.55-1536x1081.png 1536w, https:\/\/nadinebrase.de\/wp-content\/uploads\/2026\/02\/bildschirmfoto-2026-02-24-um-15.51.55-2048x1442.png 2048w, https:\/\/nadinebrase.de\/wp-content\/uploads\/2026\/02\/bildschirmfoto-2026-02-24-um-15.51.55-1200x845.png 1200w, https:\/\/nadinebrase.de\/wp-content\/uploads\/2026\/02\/bildschirmfoto-2026-02-24-um-15.51.55-700x493.png 700w, https:\/\/nadinebrase.de\/wp-content\/uploads\/2026\/02\/bildschirmfoto-2026-02-24-um-15.51.55-385x271.png 385w\" sizes=\"(max-width: 350px) 100vw, 350px\" \/><\/h2>\n<h2>AI Workflow Setup f\u00fcr dein Team<\/h2>\n<p>Steht Konzept und Bildsprache, baue Workflows, die exakt auf deinen Use Case passen \u2013 keine Standardprozesse, keine Copy-Paste-Setups. Ich w\u00e4hle gezielt die Tools, die zu Eurer Marke passen. Einmal aufgesetzt, l\u00e4uft es und dein Team produziert selbst, markentreu und skalierbar.<\/p>\n<p>Ein Beispiel: Automatisierte Bild- &amp; Content-Produktion f\u00fcr Social Direct \u2013 vollst\u00e4ndig in eurer Bildsprache<\/p>\n<hr \/>\n<p>Neugierig was m\u00f6glich ist? Lass uns reden \u2013 klick einfach auf <strong>Kennenlerntermin buchen <\/strong>oder schreib mir eine Mail an<strong> me@nadinebrase.de<\/strong><\/p>\n","protected":false},"excerpt":{"rendered":"<p>Mit KI Produktion \u00f6ffnen sich T\u00fcren, die vorher nicht existierten. Neue Bildwelten und M\u00f6glichkeiten f\u00fcr dein Projekt \u2013 die ohne KI schlicht nicht denkbar w\u00e4ren. Ich bringe strategisches Markendenken und ein geschultes kreatives Auge mit \u2013 und kombiniere beides mit KI. Das Ergebnis: Konzepte und Inhalte, die nicht nur gut aussehen, sondern funktionieren. Ich \u00fcbernehme..<\/p>\n","protected":false},"author":1,"featured_media":0,"parent":0,"menu_order":0,"comment_status":"closed","ping_status":"closed","template":"","meta":{"content-type":""},"aioseo_notices":[],"_links":{"self":[{"href":"https:\/\/nadinebrase.de\/index.php\/wp-json\/wp\/v2\/pages\/3195"}],"collection":[{"href":"https:\/\/nadinebrase.de\/index.php\/wp-json\/wp\/v2\/pages"}],"about":[{"href":"https:\/\/nadinebrase.de\/index.php\/wp-json\/wp\/v2\/types\/page"}],"author":[{"embeddable":true,"href":"https:\/\/nadinebrase.de\/index.php\/wp-json\/wp\/v2\/users\/1"}],"replies":[{"embeddable":true,"href":"https:\/\/nadinebrase.de\/index.php\/wp-json\/wp\/v2\/comments?post=3195"}],"version-history":[{"count":25,"href":"https:\/\/nadinebrase.de\/index.php\/wp-json\/wp\/v2\/pages\/3195\/revisions"}],"predecessor-version":[{"id":3228,"href":"https:\/\/nadinebrase.de\/index.php\/wp-json\/wp\/v2\/pages\/3195\/revisions\/3228"}],"wp:attachment":[{"href":"https:\/\/nadinebrase.de\/index.php\/wp-json\/wp\/v2\/media?parent=3195"}],"curies":[{"name":"wp","href":"https:\/\/api.w.org\/{rel}","templated":true}]}}